 13, 179
Let d = -1777 - -3238. List the prime factors of d.
3, 487
Let f = 824 + -596. What are the prime factors of f?
2, 3, 19
Let w = 43 - 93. Let j(a) = a**3 + 8*a**2 - 6*a + 10. Let h be j(-7). Let q = w + h. List the prime factors of q.
3, 17
Let q(x) = x**3 - 16*x**2 - 17*x - 12. Let a be q(17). What are the prime factors of a/(-18) + 74/6?
13
Suppose -29*x - 182 + 3053 = 0. What are the prime factors of x?
3, 11
Suppose 5*n + 50 - 465 = 0. List the prime factors of n.
83
Let z be 3 + 16 + -4 + 0. Let w be z - (-7 - (-2 - 2)). Suppose -a = -4*b + 110 + w, -5*a - 32 = -b. List the prime factors of b.
2
Let n(y) = -526*y + 8. Let k be n(-2). Suppose -2*u = 8*u - k. List the prime factors of u.
2, 53
Suppose 4*n + 5*q = -0*n + 10, 2 = n + q. Suppose n = o + 6*o - 252. Let k = o + 3. List the prime factors of k.
3, 13
Let h(j) = 0*j - 3*j + 5*j + 0*j + 17*j**2. Let g be h(-2). Suppose 0 = -2*a + 2*y + g, -4*y = -3 - 5. List the prime factors of a.
2, 17
What are the prime factors of (-2 - (-120)/50) + 7066/10?
7, 101
Let l be (-224)/(-2) + -3*8/12. What are the prime factors of -167*(2/11 + (-130)/l)?
167
What are the prime factors of 1 + (2151 + 6)/3?
2, 3, 5
Suppose -2 = 4*d + 5*k + 3, -10 = -d + k. Suppose -5*r - 2*f + 17 = -0*f, 0 = 2*r - 3*f - 22. Suppose u + d*l - 30 = -0*u, r = l. List the prime factors of u.
5
What are the prime factors of 6/8 + (-10 - (-49798)/56)?
2, 5, 11
Let o be 134/6*(15 + -18). Let f = -37 - o. What are the prime factors of f?
2, 3, 5
Suppose 5*j + 180 = -45. Let i = 10 - j. What are the prime factors of i?
5, 11
Suppose -2*a + 9954 = 4*v, 10*a - 5*v - 19869 = 6*a. List the prime factors of a.
3, 1657
Let y be 16/(-64) - ((-21)/4)/1. Suppose -4*r + 38 = w, 2*w - 90 + 26 = -y*r. List the prime factors of w.
2, 11
Suppose 0 = -2*h + 6*h - 36. Let y = 9 - h. Let z = y + 3. List the prime factors of z.
3
Let s(k) = -33 - 17*k - 16*k - 15*k + 38*k. What are the prime factors of s(-14)?
107
Let j be (2 + 26)*(-6 + 5). Let b = j + 33. Suppose -2*l + 4*i + 88 = 0, 3*l + 26 - 147 = -b*i. List the prime factors of l.
2, 3, 7
Let y = -208 + 243. Let l(w) = -25*w**3 - w. Let i be l(1). Let c = i + y. List the prime factors of c.
3
Let v be (-4 - -6) + 9 + -3. Suppose 13*t - 90 = v*t. List the prime factors of t.
2, 3
Let i(l) be the first derivative of -l**4/4 - l**3/3 + l**2/2 + l + 1. Let h = -32 + 29. What are the prime factors of i(h)?
2
Let s(o) = 12*o**3 - 2*o**2 - 2*o - 2. Let i be s(3). Suppose 4*z - i - 46 = 0. What are the prime factors of z?
2, 43
Let k be -1 - -12*(0 + 148/(-16)). Let t = k - -255. List the prime factors of t.
11, 13
Suppose -t + 190 + 509 = 0. Suppose -3*v + 699 = -0*v + r, -t = -3*v - 5*r. What are the prime factors of v?
233
Let r = 28 + -16. List the prime factors of (-1)/(-3) - (-1904)/r.
3, 53
Let d = -16 - -18. Suppose -x - 2 = d*c - 14, -3*x - 52 = -5*c. Suppose c*j - 3*j = 15. List the prime factors of j.
3
Suppose 0 = -4*q + 7 + 5. Let u be 142/q + (-1)/3. Suppose 2*l + 6 = 0, -2*m - u + 161 = -4*l. What are the prime factors of m?
3, 17
Let w(a) = 2*a. Let o(l) = 5*l + 2. Let h(z) = -2*o(z) - 14*w(z). What are the prime factors of h(-3)?
2, 5, 11
Let a be (-4044)/(-20) + (-4)/(-5). Let f = -136 + a. Suppose f = 2*t - 3*u - 2*u, -4*u = 12. List the prime factors of t.
2, 13
Let q(c) = 321*c + 45. List the prime factors of q(7).
2, 3, 191
Let t(w) = 2*w**3 + 34*w**2 - 4*w - 5. What are the prime factors of t(-17)?
3, 7
Suppose -3*j + 2*h = -11618, -2*j + 5*h + 7742 = 2*h. What are the prime factors of j?
2, 13, 149
Let n be 1/4 + -2*44/(-32). Let v(z) = 22*z**3 - z**2 + z - 2. Let b be v(2). Suppose -3*m + b = 4*t + m, -n*m + 209 = 5*t. What are the prime factors of t?
2, 5
Suppose -2*u - 45 + 126 = -3*z, -4 = 4*z. List the prime factors of u.
3, 13
Suppose 4*l - 2224 = -3*s, 0*s - 2*s - 2*l = -1482. What are the prime factors of s?
2, 5, 37
Let o be ((-10)/(-8))/((-3)/(-36)*1). Suppose -23*z + o*z + 888 = 0. What are the prime factors of z?
3, 37
Suppose u + 40 = -3*u - 5*j, 5*u + 13 = 3*j. Let l = u - -19. Suppose -5*w = p - 13, l = -3*p + 5*w + 53. List the prime factors of p.
13
Let c(y) = 10*y**2 - 11*y + 102. What are the prime factors of c(9)?
3, 271
Suppose 5*q - 3*s + 29 = 0, -5*s - 1 = 6*q - 2*q. Let w = q - -7. Suppose -2*y - w*b + 0*b = -14, 4*y - 5*b - 72 = 0. What are the prime factors of y?
13
Suppose -2*c + 2506 - 11875 = -3*u, 3*u = 3*c + 9366. What are the prime factors of u?
5
Let q(n) = -79*n - 132. What are the prime factors of q(-23)?
5, 337
List the prime factors of 1 + (2*3)/((-10)/(-195)).
2, 59
Let j = 43 + -1. Suppose u = 4*f + j, -5*f - 8 = 2. List the prime factors of u.
2, 17
Let f = -39 - -49. What are the prime factors of (6/2 - (-3 + f)) + 186?
2, 7, 13
What are the prime factors of 45/(-18)*(-2868)/5?
2, 3, 239
What are the prime factors of 1402/(-8)*-4*1?
701
Let l(t) be the third derivative of -1/12*t**4 - 4*t**2 + 1/120*t**6 + 0 + 0*t**3 + 1/20*t**5 + 0*t. List the prime factors of l(2).
2
Suppose -5*s + 72 + 373 = 0. Suppose 92*u = s*u + 102. List the prime factors of u.
2, 17
Let o = 4223 - 2297. What are the prime factors of o?
2, 3, 107
Let n(p) = 30*p**2 + p + 3. Suppose 4*c - 3 = -l, c - 5*l - 12 - 15 = 0. List the prime factors of n(c).
5
Let t(o) = -38*o - 12. What are the prime factors of t(-3)?
2, 3, 17
Suppose 4 + 0 = -4*x - 4*n, -2*x + 5*n = -5. Let g = 2 - x. Suppose -5*u = 5*d - u - 21, -g*u - 7 = -d. What are the prime factors of d?
5
Let d(f) = f**3 + 11*f - 6*f**2 - 3*f + 4 - 2*f**2 - 2. Suppose 3 = 3*t - 18. List the prime factors of d(t).
3
Let v(b) = -2*b + 53. Suppose -22 + 54 = 2*x. List the prime factors of v(x).
3, 7
Suppose -3*b - 2*b + 10 = 0. Let s be 8/14 + (-102)/(-42). Suppose o = -b*c + 18, 42 = s*o + 4*c - 16. List the prime factors of o.
2, 11
Suppose 0 = 5*u - 3*b - 10778, 5*u - 8*b + 10*b - 10773 = 0. What are the prime factors of u?
5, 431
Suppose -i = 4*i + 325. Let y = 15 - i. List the prime factors of y.
2, 5
Let o be (-21)/(-4) - 6/(-3 - -27). Suppose o*l + 3*w - 1075 = 8*w, 0 = 2*l - w - 426. What are the prime factors of l?
211
Suppose -2*d - u - 25 = -3*d, 5*d + u = 155. What are the prime factors of d*(27/6 + -3)?
3, 5
Suppose -18*u - 3642 = -5*s - 15*u, 4*s = -3*u + 2919. What are the prime factors of s?
3
Suppose -b = 2*b + 45. Let c(d) = -d**3 - 15*d**2 - 3*d. List the prime factors of c(b).
3, 5
Let h = -1103 + 4890. What are the prime factors of h?
7, 541
Let c = -56 - -26. Let j = 17 + -61. Let i = c - j. List the prime factors of i.
2, 7
Let g(m) = -4*m**3 - 2*m**2 - m - 6. Let w be g(-2). Suppose 18*i - w*i = -6. What are the prime factors of i?
3
Let r be (-276)/(-30)*(4 - -1). Suppose 0*o + 5*o = d - 46, -d + r = 2*o. What are the prime factors of d?
2, 23
Suppose -3494 + 302 = -4*b + 2*k, 4*b + 5*k - 3178 = 0. List the prime factors of b.
797
Suppose -2*j = v - 869, 2171 = -2*j + 7*j + 3*v. List the prime factors of j.
2, 109
Let i = -1017 + 2011. List the prime factors of i.
2, 7, 71
Let m = -3 - -3. Suppose r - 2*r + 3 = m. Suppose -2*l = r*y - 30, -l + 5*l = y - 10. What are the prime factors of y?
2, 5
Let h be -4 - -6*(-5)/(-2). Suppose 0 = 2*i + b + h, 4*b = 11 + 9. What are the prime factors of ((-204)/i)/((-6)/(-4))?
17
Let y = -4230 + 9748. What are the prime factors of y?
2, 31, 89
Let q = -64 - 24. Let r be (-6 + 1)*q/(-5). List the prime factors of (r/(-10))/((-1)/(-5)).
2, 11
Suppose -5*s = 24 - 99. Suppose 10*j - s*j + 50 = 0. List the prime factors of j.
2, 5
Let k(m) = 238*m - 1. Let b = -7 + 8. Let t be k(b). List the prime factors of 2/(-7) + t/21.
11
Let a(c) = c**3 - 5*c**2 + 7*c + 4. List the prime factors of a(4).
2
Suppose -4 = -3*h + 4*z - 14, -2*z - 40 = 3*h. Let s(c) = c**2 + c - 2. List the prime factors of s(h).
2, 11
Suppose -24 = -2*y + 42. Let n = y - 10. What are the prime factors of n?
23
Let q(g) = -g**3 + 3*g - 8. Let b be q(0). Let c(p) = p**3 + 12*p**2 - 5*p - 5. What are the prime factors of c(b)?
3, 97
Let z = -165 + 655. List the prime factors of z.
2, 5, 7
Suppose 2*z = -z + 3. Let t = z + 53. List the prime factors of t.
2, 3
Let n = 8074 + -5306. What are the prime factors of n?
2, 173
Let r = 1958 + -1107. List the prime factors of r.
23, 37
Le